656) + 2. Suppose 10*x + v = 15329. Is x composite?
False
Let w = -8271 - -13940. Is w composite?
False
Suppose 0 = 2*o - 13 + 3. Let b = 5 - o. Suppose 4*n + 2*t + 12 = 104, b = 5*n - t - 129. Is n a prime number?
False
Let h(d) = d**3 - 9*d**2 - 9. Let t be h(9). Let y = -7 - t. Suppose 336 = 4*z + 4*s, -3*z + 54 = -y*z - 5*s. Is z a prime number?
True
Let d = 16458 + -8067. Is d a prime number?
False
Suppose 0 = 16*j - 269595 + 48779. Is j a prime number?
False
Suppose 111482 = 2*u - 4*r + 6*r, 0 = u - 5*r - 55741. Is u prime?
False
Let i(d) = 55*d - 11. Let g be i(8). Suppose -3*f + p = 3*p - g, 4*p + 12 = 0. Is f a composite number?
True
Suppose 23967 = 3*g + 4*h, -5*g - 2*h = 2*h - 39937. Is g a composite number?
True
Suppose 0 = -4*b - 0*b + 8. Suppose 0*a - 10 = -b*a. Suppose -u = -a*u + 884. Is u prime?
False
Let q be 9/(-18) - 302/(-4). Let u = 6 + q. Suppose u = 3*v - 114. Is v a composite number?
True
Let h be (1492/(-12))/(2/12). Let f = -37 - h. Is f a prime number?
True
Let u = -13 - -23. Suppose 9*a - 260 = -a. Is a*(-5)/(u/(-29)) composite?
True
Let d(q) = 22*q**2 + 6*q - 11. Suppose 9*m + 89 + 1 = 0. Is d(m) composite?
False
Let u(t) = 41*t + 6. Let b be 4 + (0 + -4 - -2). Suppose -b*m + 25 = 3*m. Is u(m) a composite number?
False
Let x(n) = 42*n**2 + 69*n + 4. Is x(5) a prime number?
True
Suppose -3*h - 3*d + 9 = 0, 2*d = 6*d - 4. Let a be 3 + (h - 2) + 0. Suppose m - 242 = -a*q + 374, 5*m = 5. Is q prime?
False
Suppose 2*i - 5*x = 11766, -2*i + x + 8053 = -3705. Is i composite?
True
Let a(f) = 717*f**2 + 15*f - 35. Is a(6) prime?
True
Suppose 0 = -5*w - 4*o + 10 + 31, -29 = -5*w - o. Suppose -b = -w*b - 2*a - 180, -5*a = 3*b + 135. Is 0 - (b + (-3 - -2)) a composite number?
True
Suppose 1865 = -2*p - 3*p. Let g = 638 + p. Is g a composite number?
True
Let y = -7 - -14. Suppose 4*c + 4*i - 364 = 0, 167 = 3*c + 2*i - 109. Suppose o = -y + c. Is o a prime number?
False
Suppose 2*h - 5802 = 224. Is h composite?
True
Suppose -3*m + 46343 = -14422. Is m composite?
True
Let q = 1302 + 197. Is q prime?
True
Let t = 43 + -43. Suppose -o = -y + 1, -3*o + 0 - 5 = -5*y. Suppose 3*h - 5*u - 508 = o, t = 2*u + 2*u + 20. Is h a composite number?
True
Let m(l) = -l**2 + 27*l - 94. Let z be m(22). Let r(n) = -n**3 + n + 5. Let t be r(-4). Let b = t - z. Is b composite?
True
Let x = -19 - -13. Let y(h) = 6*h**2 - 4*h - 1. Let q be y(x). Suppose 17*c - q = 16*c. Is c composite?
False
Suppose -3*k + 477 = -54. Let q = -8 - -10. Let l = q + k. Is l prime?
True
Let u be 60/16*-22*-6. Suppose -m + 2*o = -u, 0 = -4*m + o + 2133 - 181. Is m composite?
False
Is 61 + -58 + 1 + 2175 a prime number?
True
Let z = 165 + -91. Suppose -z = -6*q + 64. Is q a composite number?
False
Suppose -9*n = -n - 64. Is ((-66)/n)/((-42)/112) a composite number?
True
Let v = -3 + 6. Suppose 2*d = -v*w + 33, -3*d + 37 = -d - w. Let o = d - -5. Is o a composite number?
False
Suppose -5*b + 5259 = -3946. Is b a composite number?
True
Let l be 1 + 19842/14 - 2/7. Suppose 5*n - l + 363 = 0. Is n composite?
False
Let a(u) = 168*u**2 + 7*u + 12. Let f be a(-4). Let n = f - 1075. Is n a prime number?
True
Suppose 0 = 2*s - 3 - 7. Suppose 24 = -c + 6*c - 3*o, 0 = s*c + 3*o - 6. Suppose -4*v - q = v - 2825, -v = -c*q - 565. Is v a prime number?
False
Is (-15)/(-2 + -3) - -548 prime?
False
Let j = -84950 + 173595. Is j a composite number?
True
Suppose -b - 5 = -307. Suppose 8*c + b = 9*c. Is c a prime number?
False
Let o = 20 + 630. Suppose -2*f = 50 + o. Let j = -93 - f. Is j composite?
False
Let b be (-4 - -2342) + -3 + -3. Suppose w = 5*w - b. Suppose -4*t = -w - 741. Is t composite?
False
Suppose 3*n + 4*z = 754, n - 2*z = 4*n - 752. Let k be (-3)/(-4) + n/8. Is (k + -1)/(-5 + 6) composite?
False
Let i = -7950 + 12514. Suppose 3423 = 3*k + 3*m, -2*k + i = 2*k + 2*m. Is k a prime number?
False
Let t be (-4)/6*(-16 - -19). Is 2 + 1 + 257 - t prime?
False
Let f(m) = -2*m**2 - 10*m + 50. Let r be f(6). Let w(h) = 2*h**3 - 4*h**2 - 8*h - 5. Let x be w(-5). Let b = r - x. Is b prime?
True
Suppose -13*n = -16*n + 21. Suppose -n*w + 2*w = 4*u + 1731, 3*u = -w - 1301. Is 3 - (-2 - -8) - u prime?
True
Let b(p) = -p + 12. Let i be b(-8). Let k(w) = 3*w + i*w - 10 + 8*w. Is k(5) prime?
False
Suppose 0 = 22*q - 17*q. Suppose -3*b + 288 = 114. Suppose q*u = -u + b. Is u a prime number?
False
Let d be 3 - ((0 - -3) + -2 + 64727). Is 1/(-6) - d/90 prime?
True
Is 4365 + (6 - 12) + 10 a composite number?
True
Let p(c) = 15*c**2 + 9*c - 111. Is p(8) a composite number?
True
Let p(g) = -30*g**2 + 4*g + 16. Let b(d) = -29*d**2 + 5*d + 17. Let a(j) = -3*b(j) + 2*p(j). Is a(-6) a composite number?
True
Let i(r) = 33*r**2 + 26*r - 41. Is i(-10) composite?
False
Suppose -y + 3*r + 0*r = 6, y = -2*r + 9. Let p(f) = f**3 - 2*f**2 - f - 2. Let g be p(y). Suppose -g*a = -8, 3*l + 4*a + 362 = 5*l. Is l a composite number?
True
Suppose -1451 = -4*y - 5*t + 1282, t = y - 672. Suppose -5*d = -4*d - y. Is d a composite number?
False
Let c be (-8714)/8 + (-18)/(-72). Let l = 3482 + c. Is l prime?
True
Suppose -d - 2333 = -3*o + 4*d, 5*o - 4*d - 3871 = 0. Suppose 7*j + o = 8*j. Is j prime?
False
Suppose 16*s - 1500 = -2*r + 13*s, -8 = 4*s. Is r composite?
True
Let r be (14/21)/(4/462). Let v = r + 240. Is v a composite number?
False
Let n(c) = -c**3 + 14 - 24 - 10*c**2 - 13*c + 3*c**2 - 6*c**2. Let r be n(-12). Suppose -s + 336 = 3*b - 58, -r*b = -2*s + 748. Is s a composite number?
False
Let l = -7005 - -13118. Is l composite?
False
Let u(p) = 2109*p + 26. Is u(3) composite?
False
Suppose 0 = 5*k - m - 2098, 4*m - 428 = 3*k - 4*k. Let d = k - -895. Is d prime?
False
Let j = -136 + 138. Suppose -j*n + 10 = 3*n. Is n composite?
False
Let k = -1489 + 5876. Is k a prime number?
False
Let y(d) be the third derivative of d**5/20 - d**4/24 - 2*d**3/3 - 5*d**2. Let x be y(-8). Suppose -5*l + x = -1069. Is l composite?
True
Suppose -2*a + 6007 = -2*q - 5167, 2*q = a - 5591. Is a composite?
True
Let k = 52 + -56. Suppose 5*l = -4*d + 132, -2*l = -2*d - 63 + 3. Is k/(-14) - (-11500)/l prime?
False
Suppose 4*s = 0, -21*s - 5846 = -2*g - 24*s. Is g a composite number?
True
Let z = -3143 + 5492. Suppose m = -5*b + 2172, -m + z = 4*b + 178. Is m composite?
True
Suppose 65*c - 40*c = 147575. Is c a prime number?
True
Is (-5798 + -8)*(-3)/(3 - -3) a composite number?
False
Let b(k) = 5*k**2 - 3*k - 1. Let q(r) = -r**3 + 6*r**2 - 4*r - 9. Let t be q(5). Is b(t) composite?
True
Let v(x) = 5*x**2 - 6*x - 204. Is v(-35) prime?
True
Let x(c) = -159*c - 101. Is x(-20) prime?
True
Let v(b) = -b**2 + 31*b + 3. Let m(k) = -k**2 + 10*k + 11. Let c be m(10). Is v(c) prime?
True
Let l(p) = -p**3 - 12*p**2 - 17*p - 89. Is l(-14) prime?
True
Let h(p) = 5*p**2 - 53*p + 17. Let x(i) = -8*i - 54. Let j be x(-9). Is h(j) composite?
False
Suppose -z - 3*t + 1848 = -389, 0 = 2*z - t - 4502. Is z a prime number?
False
Let f(m) = 22*m**2 - 4*m + 13. Is f(-12) a prime number?
True
Is (-2)/4 + (-26325)/(-30) a prime number?
True
Let d(o) = o**3 + 7*o**2 - o - 3. Let p be d(-7). Suppose 0 = -5*c - p*t + 203, 0 = c - 4*c - 2*t + 121. Is c prime?
False
Let g(h) = -h**3 - 13*h**2 - 14*h - 27. Let k be g(-12). Is (-2 - -4) + 3410 - 9/k a composite number?
True
Let p(f) = 4*f + 1. Let y(i) = -3*i - 2. Let d(s) = -4*p(s) - 5*y(s). Let k be d(6). Suppose o = -k*o + 26. Is o composite?
True
Suppose 6*m = 4*m - b + 5125, 5*m - 12818 = 3*b. Is m a composite number?
True
Let b = 47 - 48. Is 364 - (2 + b - -1) a composite number?
True
Let x(z) = -82*z + 39. Let p be x(-8). Suppose 5*y = k - p + 6644, 2*y - 2366 = -3*k. Is y a composite number?
True
Is (4/6)/(5/(9510/4)) prime?
True
Suppose l - 2*l = 0. Let j be ((-3)/(-5))/(1/((-40)/(-12))). Suppose l = 2*r - q - 728, -j*q = r - q - 367. Is r a composite number?
True
Suppose 0 = 4*x - 3*q - 78365, -14*x - q = -13*x - 19586. Is x a composite number?
True
Let u = 91784 + -51331. Is u a prime number?
False
Suppose -118*i + 116*i = -8746. Is i a prime number?
True
Let p be 411 + 9/(-6)*2. Let r be p/(-5) + (-2)/5. Is 3*r/(-2) - 2 prime?
False
Let y(h) = 123*h - 5. Let z be y(3). Let o = -159 + z. Is o a prime number?
False
Suppose 0*j = -2*j + j. Suppose j = o + 3*k - 8, 0 = 3*o - k - 79 + 5. Is o composite?
Fals